et f be (-1 - (-1129)/7) + 812/(-2842). Calculate the greatest common divisor of 48 and f.
16
Let a = -39 - -36. Let m(l) = 6*l - 2. Let t be m(a). Let r be ((-12)/t + -1)*-240. Calculate the greatest common factor of 12 and r.
12
Let q be 0 + (-237)/27 - 4/18. Let r be 556/12 - (-3)/q. Calculate the highest common factor of 69 and r.
23
Let d be (-1)/((-20)/6562) - (-19)/(-190). What is the greatest common factor of d and 24?
8
Let n be 5 - (1 + -1) - 3. Suppose 5*q + 41 = n*w, -q - 19 = -5*w + 118. Calculate the highest common factor of w and 70.
14
Let t be 0 + -4*(-3)/(-2). Let g be 12/(-54) + 79/(-9) + -1. Let l = t - g. Calculate the greatest common divisor of 1 and l.
1
Let v(b) be the third derivative of -b**4/24 - 2*b**3/3 - b**2. Let g be v(-8). Suppose 379 + 197 = g*i. What is the highest common factor of i and 18?
18
Let c(k) = -71*k - 476. Let r be c(-7). What is the greatest common factor of 266 and r?
7
Suppose p + 3 = 5*l, 5*p = 24*l - 19*l + 5. Calculate the highest common divisor of p and 61.
1
Let v(p) = 2*p - 9. Let y be v(10). Suppose 47*o = 33*o + 1386. Calculate the highest common divisor of y and o.
11
Let z(r) = -11*r + r**3 - 4*r**2 + 2020 - 2000 - 2*r**2. Let y be z(8). Suppose 6 = 3*i - 30. Calculate the highest common divisor of i and y.
12
Suppose 4*w + 23987 = 21*w. What is the highest common divisor of 17 and w?
17
Suppose 0 = 2*v + 5*l - 57, -2*v = 2*l - 47 + 5. Suppose -18*u + 352 = -v*u. Calculate the highest common divisor of u and 16.
16
Let v be (3 - -183) + (-96)/(-16). What is the greatest common divisor of v and 160?
32
Suppose 0 = 3*x + q - 35 - 2, x + q = 13. Let y be 54/x*16/6. Let w be (-9)/(-24) - 6120/(-64). Calculate the greatest common factor of y and w.
12
Let l(a) = a**2 - 11*a + 14. Let k be l(10). Let z = 88 - k. Calculate the greatest common factor of 12 and z.
12
Suppose 28 = 9*q - 5*q - 4*y, -q = -2*y - 10. Suppose -1136 + 16 = -q*x. What is the highest common divisor of x and 28?
28
Let o be 2/3 - 106/(-3). Suppose 25 = 3*g + 5*y, -2*g = 3*g - 2*y - 21. Suppose 13*r - g = 307. What is the highest common factor of o and r?
12
Suppose -3*q - 6*u + 144 = -2*u, 3*u + 35 = q. Suppose 5*x - 2*d = 61, -d = 23*x - 19*x - 41. What is the highest common divisor of x and q?
11
Let k(o) = o**2 - 8*o + 6. Let j be k(8). Let a be (-4 + 0)*j/(-12). Calculate the greatest common divisor of a and 2.
2
Let h = 0 - -1. Let b(z) = -5 - 1 + 2 - z**2 - 8*z + 0*z**2. Let t be b(-7). What is the highest common factor of h and t?
1
Suppose -12*y + 78 = y. Let u = 639 - -189. Suppose -u = y*a - 10*a. Calculate the highest common factor of a and 23.
23
Let z be 19 - ((-2)/(-4))/((-8)/80). What is the highest common factor of 3 and z?
3
Suppose -2*t = 4*x - 290, 0*t + 3*x - 149 = -t. Let k = 52 + t. What is the highest common factor of k and 21?
21
Suppose 3*w = -5*i + 98, -4*i = -21*w + 22*w - 77. Let o(y) = -24*y + 4. Let c be o(-3). What is the greatest common factor of c and i?
19
Suppose 4*s + 5*y = 161, -4*s + 3*y + 179 = 2*y. What is the greatest common factor of 110 and s?
22
Let v = 17 - 11. Let n be v/(-2) - (-1 + -5). Let u be n/(-1 - 2)*-7. Calculate the highest common divisor of 28 and u.
7
Let d(t) = t**3 - 8*t**2 - 8*t + 9. Let h be (-2)/(-10) - (-44)/5. Let x be d(h). What is the highest common divisor of x and 45?
9
Let f = 2 - -4. Let h(q) = -q**3 + 6*q**2 + 4*q. Let y be h(f). Let o be 2/(y/(-15) - -2). Calculate the highest common factor of o and 5.
5
Let t be -1 + 827/6 + 2/12. Let p = 140 - t. Calculate the highest common divisor of p and 42.
3
Let v = 0 + 4. Suppose -125 = -v*p - 37. Calculate the highest common factor of 22 and p.
22
Suppose 2*i = -2*i. Let z(x) = -4*x + 3 + i - 4. Let r be z(-9). What is the greatest common divisor of 7 and r?
7
Let w be 5*2*(-8)/48*-9. Calculate the highest common factor of 9 and w.
3
Let y be (2/(-25)*-5)/((-1)/(-20)). Let k be 1/2*-1*-16. Calculate the greatest common divisor of y and k.
8
Let c be ((-15)/(-10))/(6/16). Suppose c = 5*m - 16. What is the greatest common factor of 4 and m?
4
Let o = 61 - 107. Let w = -31 - o. What is the greatest common divisor of 195 and w?
15
Suppose -35 = -14*c + 63. Calculate the highest common factor of c and 2.
1
Suppose 13 = -2*u + 9, 4*u = -z + 106. What is the highest common factor of 18 and z?
6
Let w(u) = 2*u**2 + 5*u - 5. Let o be w(-5). Suppose 0 = 12*y - 7*y - o. Calculate the greatest common divisor of 20 and y.
4
Let o be (1390/(-15) + -6)/((-1)/3). Suppose -4*n - 2 = -14. Suppose -100 = -n*z + o. Calculate the highest common divisor of 12 and z.
12
Suppose -2*n - 27 = -89. Let h = 65 + -14. Let p = h - n. Calculate the highest common factor of 5 and p.
5
Let h = -107 - -110. Suppose 30 = 3*v - h*m, -v - 3*m = v - 45. What is the highest common factor of v and 3?
3
Let k = 88 + 29. Let g(m) = -m + 8. Suppose -z = 5*y + 15, -y - 2 = -0. Let f be g(z). What is the highest common divisor of k and f?
13
Let o(r) = r - 1. Let b be o(9). Let d be b/(-52) - 56/(-26). Suppose 3*v = -v + 20, -d*u - 2*v = -12. Calculate the highest common divisor of 4 and u.
1
Suppose 2*o = 4*g + 30, 0 = 2*o - 6*o + 3*g + 35. Let v(b) = -2*b**2 + 11*b + 2. Let y be v(o). What is the highest common divisor of y and 49?
7
Let u(l) = -23*l - 797. Let s be u(-35). Let h(g) = g**2 - 9. Let i be h(7). Calculate the highest common factor of s and i.
8
Suppose 4*i + 3*l - 41 = 8*l, 4*i - 2*l = 38. What is the greatest common divisor of i and 387?
9
Suppose 16*y - 90 = -2*h + 19*y, -5*h + 203 = -2*y. What is the highest common factor of 91 and h?
13
Let a = 19 - -3. Let j = -9 - -12. Suppose 4*o + 220 = 4*h, j*h - 5*o = 71 + 94. Calculate the greatest common factor of h and a.
11
Let l = -50 + 47. Let f be 1 - (-10 - l/(-3)*1). Calculate the greatest common factor of f and 12.
12
Suppose 0 = 6530*c - 6523*c - 546. Calculate the greatest common factor of c and 3.
3
Suppose -6 = -f + 12. Let o = f + 18. Let w(m) = -m**3 - m**2 - m + 12. Let s be w(0). Calculate the greatest common factor of s and o.
12
Suppose 8*s - 89 - 279 = 0. Calculate the highest common divisor of 782 and s.
46
Let u = -227 - -257. What is the greatest common factor of 75 and u?
15
Let t = -44 + 53. Suppose 0 = l - 3*g - t + 2, 53 = 3*l - g. Calculate the greatest common factor of l and 57.
19
Let z be 12 + (2/(-2) - (-92)/(-23)). What is the greatest common divisor of z and 2?
1
Let i = -17 + 17. Suppose 3*y + 10 - 43 = 3*a, i = 5*a + 25. Let o = 40 + -16. What is the greatest common divisor of o and y?
6
Let l = 29 + 27. Let z be 1/((-1)/1)*3. Let p be z/2*(-56)/12. Calculate the greatest common factor of p and l.
7
Let m(q) = -q**3 + 15*q**2 - 23*q + 1. Let k be m(13). What is the greatest common divisor of k and 400?
40
Suppose -9783 = -40*h + 1097. What is the highest common divisor of 17 and h?
17
Suppose 5*k = -2*z + 5, z - 2 = 4*k - 6. Calculate the greatest common divisor of 4 and k.
1
Let i(h) = -4*h**3 + 2*h**2 + h + 1. Let k be i(-2). Let b = k - 20. What is the greatest common factor of b and 38?
19
Suppose 0 = -3*w - 2*x - 38, -w - 3*w - 44 = -4*x. Let c be 4/1*(-27)/w. Calculate the greatest common divisor of 9 and c.
9
Let z(i) = -i**3 - 40*i**2 - 72*i - 72. Let l be z(-39). What is the highest common divisor of l and 45?
45
Let v be (-4)/(-10) + (-534)/(-15). Let q = -253 - -271. What is the highest common divisor of q and v?
18
Suppose 2*f = -114 - 110. Let v = -72 - f. Calculate the highest common factor of 60 and v.
20
Let v = 1 - -6. Let h(k) = k**2 - 2*k - 10. Let l be h(-4). Calculate the highest common divisor of l and v.
7
Let n = 204 - 187. Calculate the highest common factor of n and 527.
17
Suppose 0 = 4*y - 5*y + 24. What is the highest common factor of y and 32?
8
Let t = -74 + 230. What is the greatest common factor of 12 and t?
12
Let o(u) = 3*u**2 + 11*u - 40. Let h be o(3). Calculate the greatest common factor of 100 and h.
20
Let o(y) = -y**2 - 37*y + 24. Let i be o(-21). What is the highest common divisor of i and 40?
40
Let w be -8 + 55 + 1 + 2. Suppose v - 4*v = -b + w, -4*v - 272 = -5*b. Let g = 3 + 11. Calculate the greatest common factor of g and b.
14
Let a = 94 + -50. Calculate the greatest common factor of a and 110.
22
Let 